{"id":1975,"date":"2021-01-24T19:39:23","date_gmt":"2021-01-24T18:39:23","guid":{"rendered":"http:\/\/wlplegal.pl\/?page_id=1975"},"modified":"2021-02-10T12:11:46","modified_gmt":"2021-02-10T11:11:46","slug":"specializations","status":"publish","type":"page","link":"https:\/\/wlplegal.pl\/index.php\/en\/specializations\/","title":{"rendered":"Specializations"},"content":{"rendered":"<p>[vc_row css_animation=&#8221;fadeIn&#8221;][vc_column width=&#8221;1\/3&#8243;][ct_heading text=&#8221;Contracts and <cite>civil <\/cite> law&#8221; font_weight=&#8221;&#8221; description_font_weight=&#8221;inherit&#8221;][vc_column_text]We specialize in preparing and interpreting the most complex, inter-branch, bilateral and multilateral contracts. Our lawyers have wide experience in negotiating particular contractual clauses as well as in their &#8220;neutralization&#8221; in specific economic situations. There are many entities that have used the services of our lawyers in this particular area, including: KGHM Polska Mied\u017a S.A., Polska Grupa Zbrojeniowa S.A., Efekt Sp. z o.o., Provident Polska S.A., JUUL Labs Inc., JD Sp. z o.o., KRD BIG S.A.[\/vc_column_text][\/vc_column][vc_column width=&#8221;1\/3&#8243;][ct_heading text=&#8221;Administrative <cite>audits <\/cite>  &#8221; font_weight=&#8221;&#8221; description_font_weight=&#8221;inherit&#8221;][vc_column_text]<\/p>\n<p>We provide comprehensive legal services during administrative audits directed at both entrepreneurs and public administration authorities. We specialize in audits conducted by the Supreme Audit Office [PL: <em>Najwy\u017csza Izba Kontroli<\/em>] (our lawyers advised both on the side of the auditors and those audited). We also represent clients in audit proceedings conducted by regulatory authorities (The Polish Financial Supervision Authority [PL: <em>Komisja Nadzoru Finansowego<\/em>], the President of the Office of Competition and Consumer Protection [PL: <em>Urz\u0105d Ochrony Konkurencji i Konsument\u00f3w<\/em>], Office of Electronic Communications [PL: <em>Urz\u0105d Komunikacji Elektronicznej<\/em>], Energy Regulatory Office [PL: <em>Urz\u0105d Regulacji Energetyki<\/em>], Office of Rail Transport [PL: <em>Urz\u0105d Transportu Kolejowego<\/em>], The National Broadcasting Council [PL: <em>Krajowa Rada Radiofonii i Telewizji<\/em>]). We also do not avoid audit proceedings conducted by the National Revenue Administration [PL:<em> Krajowa Administracja Skarbowa<\/em>].<\/p>\n<p>[\/vc_column_text][\/vc_column][vc_column width=&#8221;1\/3&#8243;][ct_heading text=&#8221;Negotiations and <cite>transactions<\/cite>&#8221; font_weight=&#8221;&#8221; description_font_weight=&#8221;inherit&#8221;][vc_column_text]We provide legal services in terms of the entire process of mergers and acquisitions (M&#038;A) as well as all types of investor and joint-venture transactions and the resulting concentration of entrepreneurs. We also take part in negotiations and advise at the stage of creating a strategy and negotiation tactics. Our lawyers are proud to participate in plenty of such projects, including advising entities such as: Industrial Development Agency JSC [PL: Agencja Rozwoju Przemys\u0142u S.A.] and companies from the ARP group, KGHM Polska Mied\u017a S.A., Polska Grupa Zbrojeniowa S.A., PGE Polska Grupa Energetyczna.[\/vc_column_text][\/vc_column][vc_column][vc_separator][\/vc_column][\/vc_row][vc_row css_animation=&#8221;fadeIn&#8221;][vc_column width=&#8221;1\/3&#8243;][ct_heading text=&#8221;Legal audits of <cite>companies <\/cite>&#8221; font_weight=&#8221;&#8221; description_font_weight=&#8221;inherit&#8221;][vc_column_text]<\/p>\n<p>We provide comprehensive legal services aimed at a holistic analysis of both private and listed companies, including the acquisition of company assets and entire enterprises also in terms of due diligence carried out as part of the transaction process. Our lawyers have participated in essential projects within this particular area, such as: Industrial Development Agency JSC [PL: Agencja Rozwoju Przemys\u0142u S.A.], SPV Operator sp. z o.o., Centrum Bankowo-Finansowe \u201eNowy \u015awiat\u201d S.A., former Ministry of Sport and Tourism.<\/p>\n<p>[\/vc_column_text][\/vc_column][vc_column width=&#8221;1\/3&#8243;][ct_heading text=&#8221;Public <cite>procurement  <\/cite>&#8221; font_weight=&#8221;&#8221; description_font_weight=&#8221;inherit&#8221;][vc_column_text]We provide comprehensive legal services in the field of public procurement law advising both contractors as well as ordering parties. We represent clients in proceedings before the National Appeals Chamber [PL: Krajowa Izba Odwo\u0142awcza]. We advise on the reorganization of purchasing processes, including the Shared Services Center [PL: Centrum Us\u0142ug Wsp\u00f3lnych] operating in capital groups. The knowledge of our lawyers has already been used by such entities as: Postgraduate Medical Education Center [PL: Centrum Medyczne Kszta\u0142cenia Podyplomowego], the Polish History Museum in Warsaw [PL: Muzeum Historii Polski], Narodowe Centrum Sportu sp. z o.o, Polish Development Fund S.A. [PL: Polski Fundusz Rozwoju S.A.], PFR Ventures sp. z o. o., Polish Investment and Trade Agency [PL: Polska Agencja Inwestycji i Handlu S.A.], Pomorska Kolej Metropolitalna S.A., PL.2012 sp. z o.o., LOTAMS sp. z o.o., PKP S.A., PKP Energetyka S.A., Integrated Solutions Sp. z o.o., PGE Polska Grupa Energetyczna S.A., PGE Obr\u00f3t S.A., PGE Energia Odnawialna S.A., PGNiG Energia S.A., Polenergia Dystrybucja sp.z o.o.[\/vc_column_text][\/vc_column][vc_column width=&#8221;1\/3&#8243;][ct_heading text=&#8221;<cite>Concessions,<\/cite> permits and licences &#8221; font_weight=&#8221;&#8221; description_font_weight=&#8221;inherit&#8221;][vc_column_text]<\/p>\n<p>Our lawyers are specialized experts with wide knowledge and substantial practical experience in the most complex administrative and the so-called hybrid proceedings (especially in terms of concessions, permits and licences). We also have a background in representing our clients in proceedings that are related to extraordinary methods of verifying administrative decisions and audit proceedings before administrative courts.<\/p>\n<p>[\/vc_column_text][\/vc_column][vc_column][vc_separator][\/vc_column][\/vc_row][vc_row css_animation=&#8221;fadeIn&#8221;][vc_column width=&#8221;1\/3&#8243;][ct_heading text=&#8221;<cite>Real estate <\/cite> and  investment and construction process&#8221; font_weight=&#8221;&#8221; description_font_weight=&#8221;inherit&#8221;][vc_column_text]We provide legal services in the field of investing in real estates and their turnover. Our specialization in this particular area is undoubtedly comprehensive legal counselling in terms of investment and construction process. We also advise on the management of real estates owned by the State Treasury [PL: <em>Skarb Pa\u0144stwa<\/em>] and local government units.[\/vc_column_text][\/vc_column][vc_column width=&#8221;1\/3&#8243;][ct_heading text=&#8221;<cite>Information <\/cite> protection and cybersecurity &#8221; font_weight=&#8221;&#8221; description_font_weight=&#8221;inherit&#8221;][vc_column_text]<\/p>\n<p>We conduct legal audits in the field of GDPR and internal regulations required for the national cybersecurity system. We represent clients in proceedings conducted by the President of the Personal Data Protection Office [PL: <em>Urz\u0105d Ochrony Danych Osobowych<\/em>]. We advise operators of both essential services and digital services. We support the implementation of procedures required by CSIRT of the Ministry of National Defence [PL: <em>CSIRT MON<\/em>], NASK \u2013 National Research Institute [PL: <em>NASK<\/em>] and GOV.<\/p>\n<p>[\/vc_column_text][\/vc_column][vc_column width=&#8221;1\/3&#8243;][ct_heading text=&#8221;<cite>Competition<\/cite> and consumer protection&#8221; font_weight=&#8221;&#8221; description_font_weight=&#8221;inherit&#8221;][vc_column_text]We provide comprehensive legal services in the field of competition protection and combating unfair competition. Our lawyers have wide experience in conducting proceedings before the President of the Office of Competition and Consumer Protection [PL: <em>Urz\u0105d Ochrony Konkurencji i Konsument\u00f3w<\/em>] and the Court of Competition and Consumer Protection [PL: <em>S\u0105d Ochrony Konkurencji i Konsument\u00f3w<\/em>]. They represented such entities as: Provident Polska S.A., Supreme Medical Chamber [PL: <em>Naczelna Izba Lekarska<\/em>], Polish Chamber of Statutory Auditors [PL: <em>Krajowa Izba Bieg\u0142ych Rewident\u00f3w<\/em>].[\/vc_column_text][\/vc_column][vc_column][vc_separator][\/vc_column][\/vc_row][vc_row css_animation=&#8221;fadeIn&#8221;][vc_column width=&#8221;1\/3&#8243;][ct_heading text=&#8221;Financial <cite>markets <\/cite> &#8221; font_weight=&#8221;&#8221; description_font_weight=&#8221;inherit&#8221;][vc_column_text]<\/p>\n<p>We provide legal services to entrepreneurs operating on financial markets. Our lawyers have advised on multi-segment transactions of the broadly understood financial markets (such as money, capital, currency, derivatives, deposit and credit or loan markets). The experience of our lawyers was used by such entities as, for example, the Warsaw Stock Exchange [PL: <em>Gie\u0142da Papier\u00f3w Warto\u015bciowych S.A<\/em>], the National Depository for Securities [PL: <em>Krajowy Depozyt Papier\u00f3w Warto\u015bciowych S.A.<\/em>], PKO Bank Polski S.A., Polski Fundusz Rozwoju S.A., Provident S.A.<\/p>\n<p>[\/vc_column_text][\/vc_column][vc_column width=&#8221;1\/3&#8243;][ct_heading text=&#8221;Regulated <cite>markets <\/cite> &#8221; font_weight=&#8221;&#8221; description_font_weight=&#8221;inherit&#8221;][vc_column_text]<\/p>\n<p>Administrative regulations constitute the basis for the interests and professional development of our lawyers. We provide comprehensive legal services in the field of proceedings before the so-called regulatory authorities. In particular, our lawyers have extensive knowledge and wide experience in proceedings conducted by the President of the Office of Competition and Consumer Protection [PL: <em>Urz\u0105d Ochrony Konkurencji i Konsument\u00f3w<\/em>], the President of the National Broadcasting Council\u2019s Office [PL: <em>Krajowa Rady Radiofonii i Telewizji<\/em>], the Polish Financial Supervision Authority [PL: <em>Komisja Nadzoru Finansowego<\/em>], the President of the Energy Regulatory Office [PL: <em>Urz\u0105d Regulacji Energetyki<\/em>], the President of the Office of Electronic Communications [PL: <em>Urz\u0105d Komunikacji Elektronicznej<\/em>], the President of the Office of Rail Transport [PL: <em>Urz\u0105d Transportu Kolejowego<\/em>], the President of the Civil Aviation Authority [PL: <em>Urz\u0105d Lotnictwa Cywilnego<\/em>], Chief Sanitary Inspector [PL: <em>G\u0142\u00f3wny Inspektor Sanitarny<\/em>], Chief Pharmaceutical Inspector [PL: <em>G\u0142\u00f3wy Inspektor Farmaceutyczy<\/em>], Chief Inspector of Environmental Protection [PL<em>: G\u0142\u00f3wy Inspektor Ochrony \u015arodowiska<\/em>].<\/p>\n<p>[\/vc_column_text][\/vc_column][vc_column width=&#8221;1\/3&#8243;][ct_heading text=&#8221;Litigation&#8221; font_weight=&#8221;&#8221; description_font_weight=&#8221;inherit&#8221;][vc_column_text]Our litigation team was comprised of experienced lawyers practicing in this classic legal specialization in the previously operating El\u017canowski Cherka &amp; W\u0105sowski Law Firm. We represent clients in multifaceted, complex court disputes of an economic nature. The trial experience of our lawyers is already counted in thousands of court cases, where they represented clients in classic civil, economic, labour and administrative court cases as well as in arbitration and highly publicised criminal trials.[\/vc_column_text][\/vc_column][vc_column][vc_separator][\/vc_column][\/vc_row][vc_row css_animation=&#8221;fadeIn&#8221;][vc_column width=&#8221;1\/3&#8243;][ct_heading text=&#8221;<cite>Debt <\/cite> collection &#8221; font_weight=&#8221;&#8221; description_font_weight=&#8221;inherit&#8221;][vc_column_text]<\/p>\n<p>We provide services to entrepreneurs related to the recovery and debt collection resulting from unpaid invoices, unfulfilled contracts, rent arrears, unpaid leasing installments, unpaid insurance policies, overdue loans or credits, contractual penalties, etc. During individual stages of the debt collection process we cooperate with the group of the best experts gathered in the SOS Finance Sp. z o.o group.<\/p>\n<p>[\/vc_column_text][\/vc_column][vc_column width=&#8221;1\/3&#8243;][ct_heading text=&#8221;<cite>Church<\/cite> law&#8221; font_weight=&#8221;&#8221; description_font_weight=&#8221;inherit&#8221;][vc_column_text]Comprehensive legal services in matrimonial matters with special emphasis on proceedings for a declaration of marriage annulment. Our law firm&#8217;s experts represent the parties before church courts, help in the preparation of pleadings, provide consultations and prepare requests for marriage annulment, edit responses to the complainant\u2019s request to declare marriage annulment, edit pleadings related to the determination or amendment of formula of doubt, prepare a full analysis of the case files and edit comments after publication of the case files, edit responses to the comments of the Defender of the Matrimonial Tie [PL: Obro\u0144ca W\u0119z\u0142a Ma\u0142\u017ce\u0144skiego], draw up appeals to higher courts, including the Apostolic Tribunal of the Roman Rota [PL: Trybuna\u0142 Roty Rzymskiej]. In addition to church marriage law, the law firm&#8217;s experts provide legal counselling on inheritance law and provide legal assistance to church legal entities, including church foundations and associations.[\/vc_column_text][\/vc_column][vc_column width=&#8221;1\/3&#8243;][ct_heading text=&#8221;<cite>*<\/cite> Taxes&#8221; font_weight=&#8221;&#8221; description_font_weight=&#8221;inherit&#8221;][vc_column_text]<\/p>\n<p>WLP Legal does not conduct tax advisory practice on its own. However, within the scope of tax practice our Law Firm cooperates with the best in this field &#8211; the Sk\u0142odowscy Tax Consulting Company [PL: <em>Kancelaria Podatkowa Sk\u0142odowscy<\/em>]. Experts from the Sk\u0142odowscy Capital Group are able to quickly and optimally solve any tax and accounting issues<\/p>\n<p>[\/vc_column_text][\/vc_column][vc_column][vc_separator][\/vc_column][\/vc_row]<\/p>\n","protected":false},"excerpt":{"rendered":"<p>[vc_row css_animation=&#8221;fadeIn&#8221;][vc_column width=&#8221;1\/3&#8243;][ct_heading text=&#8221;Contracts and civil law&#8221; font_weight=&#8221;&#8221; description_font_weight=&#8221;inherit&#8221;][vc_column_text]We specialize in preparing and interpreting the most complex, inter-branch, bilateral and multilateral contracts. Our lawyers have wide experience in negotiating particular contractual clauses as well as in their &#8220;neutralization&#8221; in specific economic situations. There are many entities that have used the services of our lawyers in [&hellip;]<\/p>\n","protected":false},"author":1,"featured_media":0,"parent":0,"menu_order":0,"comment_status":"closed","ping_status":"closed","template":"","meta":{"footnotes":""},"class_list":["post-1975","page","type-page","status-publish","hentry"],"_links":{"self":[{"href":"https:\/\/wlplegal.pl\/index.php\/wp-json\/wp\/v2\/pages\/1975","targetHints":{"allow":["GET"]}}],"collection":[{"href":"https:\/\/wlplegal.pl\/index.php\/wp-json\/wp\/v2\/pages"}],"about":[{"href":"https:\/\/wlplegal.pl\/index.php\/wp-json\/wp\/v2\/types\/page"}],"author":[{"embeddable":true,"href":"https:\/\/wlplegal.pl\/index.php\/wp-json\/wp\/v2\/users\/1"}],"replies":[{"embeddable":true,"href":"https:\/\/wlplegal.pl\/index.php\/wp-json\/wp\/v2\/comments?post=1975"}],"version-history":[{"count":9,"href":"https:\/\/wlplegal.pl\/index.php\/wp-json\/wp\/v2\/pages\/1975\/revisions"}],"predecessor-version":[{"id":2475,"href":"https:\/\/wlplegal.pl\/index.php\/wp-json\/wp\/v2\/pages\/1975\/revisions\/2475"}],"wp:attachment":[{"href":"https:\/\/wlplegal.pl\/index.php\/wp-json\/wp\/v2\/media?parent=1975"}],"curies":[{"name":"wp","href":"https:\/\/api.w.org\/{rel}","templated":true}]}}